
6
Let y(a) = 17*a - 4. Let g be y(1). Suppose 3*c - g = 5*z, -2*c - z - 6 = -6*c. Let x(r) = -9*r**2 - 2*r + 1. Calculate x(c).
-10
Let f(q) = -9*q + 12810*q**3 - 5*q**2 - 6403*q**3 + 8 - 6406*q**3. Calculate f(6).
-10
Let o = -2 + 2. Let z(t) be the second derivative of t**4/12 + t**3/6 + 3*t**2 + 13*t. Let j be z(o). Let v(m) = m - 3. Give v(j).
3
Let q(b) = -25 + b**2 - 3*b + 8*b + 5*b. Let o be q(-12). Let h(u) = 1 - u**2 - u**2 - u**3 + 0*u**3. What is h(o)?
0
Let w(q) = q**2 + 5*q - 1. Let m be w(-4). Let o = 4 - 2. Let x(k) = 6 + k**o + k + k**3 + 6*k + 5*k**2 - 1. What is x(m)?
-5
Suppose 76 - 28 = 4*o. Let g be -14 + 0 + (-2 - -4). Let a = g + o. Let w(k) = -k**2 + k - 1. What is w(a)?
-1
Let f(v) = -3*v - 8. Let t be f(-7). Let w be 2/t - 44/(-52). Let p(l) = -3*l + 5. Let u(b) = -b. Let g(s) = w*p(s) - 4*u(s). Give g(-6).
-1
Let h(v) = 4*v**3 - 6*v**2 - 2*v + 2. Let p be h(1). Let o(l) = l**3 + 2*l**2. Calculate o(p).
0
Let m = -3 - -6. Let b(y) = -2*y**2 + y**3 - m*y**2 + 2*y - 6 + 5 - 7*y. Let v be 12/(-2*(-2)/(4 - 2)). What is b(v)?
5
Suppose 8*o - 45*o = 259. Let w(v) = -5*v + 4*v + 2*v. What is w(o)?
-7
Let r(s) = -s**2 - s - s**2 - 150 + s**2 + 148. Suppose -5*j + 0 = 10. Determine r(j).
-4
Let i(z) = -z + 4. Suppose 4*c = -2*a + 46, 4*a - 12 = -0. Give i(c).
-6
Let m be (10/4)/((-151)/(-302)). Let y(f) be the first derivative of -f**3/3 + 2*f**2 - 4*f - 1. Determine y(m).
-9
Let q = -35 - -30. Let x(f) = f**3 - 6*f**2 + 7*f + 6. Let j(h) = 2*h**3 - 7*h**2 + 8*h + 6. Let s(d) = -2*j(d) + 3*x(d). Calculate s(q).
6
Let p(o) = -o**2 + 4*o - 1. Let w(u) = 2*u**2 - 5*u - 3*u**2 + 1 - 4 + 7. Let z be w(-5). What is p(z)?
-1
Let x(n) = -3*n - 4. Let u be (-3 - (-2)/(-2))/((-1)/(-6)). Let h = u - -27. Give x(h).
-13
Let b(v) = 14*v. Let k(q) = -q**3 - 15*q**2 - 3*q - 18. Let s(c) = 3*c**3 + 45*c**2 + 10*c + 55. Let u(f) = -7*k(f) - 2*s(f). Let o be u(-15). Calculate b(o).
14
Let n = 25 + -14. Let f(s) = -1 + n*s**2 + s - 11*s**2 - s**3. Let t(x) = x**2 - 10*x - 22. Let j be t(12). What is f(j)?
-7
Let a(n) = -2*n - 2*n**2 - 4*n**3 - 2 + 6*n**2 + 3*n**3 + 4*n. Let r = 8 - 4. Calculate a(r).
6
Let m(u) be the first derivative of u**3/3 - 7*u**2/2 - 10*u + 69. What is m(7)?
-10
Let o(q) = q**2 + 2*q. Let j(x) = 2*x**3 - 4*x**2 + x - 3. Suppose 3 = 2*a + 3*y + 7, 3*a = 3*y + 9. Let s(g) = a*o(g) + j(g). Determine s(2).
7
Let a(g) = 1 + 21*g + 15*g + 14*g - 2 - 48*g. What is a(-4)?
-9
Let a(d) = 2*d - 41. Let y(k) = 4*k + 10. Let g be y(3). Let l be a(g). Let c(x) = x**3 - 4*x**2 + 4*x. What is c(l)?
3
Let x = 5 - 2. Suppose 0 = -3*l + 3 + x. Let p(b) = -b**2 + 7*b**2 + 7*b - 3*b**2 + 1 - l*b**2. What is p(-5)?
-9
Let k(d) = -9*d**3 - d**2 + d. Suppose -5*g - 2*u = -7*u - 95, 0 = -4*u. Let l = g - 16. Let z = l - 2. Give k(z).
-9
Let a(n) be the third derivative of -n**8/20160 - n**6/720 + n**5/3 + 3*n**2. Let f(u) be the third derivative of a(u). Give f(2).
-5
Let t(y) be the second derivative of -5/2*y**2 - 12*y - 5/3*y**3 + 0 - 1/12*y**4. What is t(-9)?
4
Let o be -23 - -13 - -10*1/2. Let l(j) = -j**3 - 3*j**2 + 4*j. Give l(o).
30
Let n(u) = 0 + u - 1 + 12*u - 6*u - 1. Give n(5).
33
Let g be 2*(-4 + 1 + 4). Let m(h) = 2*h**2 - 8*h**2 - 5*h**g + 8*h**2. Calculate m(2).
-12
Let r(s) = -7 + 10*s**2 - 1908*s + s**3 + 16 + 1898*s. What is r(-11)?
-2
Let x(y) be the first derivative of -y**4 - y**3/3 + 3*y**2/2 + 3*y - 63. Calculate x(-2).
25
Let g(p) = 44*p**3 + 8*p + 44*p**3 + 35*p**3 + 7*p**2 - 12 - 124*p**3. What is g(8)?
-12
Suppose 4*w = 2*w + 4. Let t(i) = -i**2 - 3*i**2 + 6*i - i**w - i**3 - 3. Let y be (2/4)/((-11)/132). Determine t(y).
-3
Let p = -37 - -42. Let k(j) = 0*j**3 + 4 + 34*j + j**3 - 40*j - 5*j**2 + 2*j**2. What is k(p)?
24
Let r(x) = 2*x + 1. Let l(g) = g. Let j(c) = -5*l(c) + 2*r(c). Let q = 95 + -97. Determine j(q).
4
Let a(d) = d + 2. Let y(g) = 3 - 4 + 2. Suppose -2*h - 9 = -j, 5 = -11*j + 12*j. Let p(s) = h*y(s) + 2*a(s). Give p(7).
16
Suppose 28*z + 70 = -42. Let v(x) = -x**3 - 3*x**2 + 3*x + 7. Determine v(z).
11
Suppose -m = -2*n + 7, 2*n + n = -2*m. Let l(a) = -64 - 2*a - a**3 - 17*a**2 + 14*a**n + 63. What is l(-1)?
-1
Let y = 1169 - 1176. Let o(a) = 3*a**2 + 13*a + 8. Let q(c) = -7*c**2 - 27*c - 17. Let l(i) = 5*o(i) + 2*q(i). Calculate l(y).
-22
Suppose -2*h + h = 6. Let p(y) = 73 - 143 - 5*y - y**2 + 66. What is p(h)?
-10
Let w(f) = f**3 + 4*f**2 - 13*f - 3. Let q be 3 + ((-6)/(-12) + 1)*-6. Calculate w(q).
3
Suppose 0*m + 3*m + 105 = 0. Let z = -30 - m. Suppose z*t + 10 = 35. Let w(r) = -r**2 + 4*r + 7. Determine w(t).
2
Let k(x) = -x**3 - 3*x**2 + 4. Suppose -2*f = 34 + 36. Let v be (-4)/(-10) - 546/f. Suppose 0 = -5*j + 1 - v. Determine k(j).
4
Let d(f) be the third derivative of 0 - 6*f**2 - 5/24*f**4 - 1/20*f**5 + 0*f + 0*f**3. Let j(w) = 4*w**2 + 5*w + 1. Let i(h) = 5*d(h) + 4*j(h). What is i(6)?
10
Let y(w) be the first derivative of w**4/2 + 7*w**3 + 4*w**2 - 10*w - 294. Give y(-10).
10
Let p(l) be the first derivative of l**3/3 - 2*l**2 - 7*l + 44. Let q = -7 + 12. Determine p(q).
-2
Let t(a) be the first derivative of a**3/3 - 11*a - 8. Let s(q) = 3*q**2 - 33. Let n(z) = -6*s(z) + 17*t(z). What is n(0)?
11
Let j(r) = 5*r + 2. Let a(z) = -z**3 + 10*z**2 + 10*z + 9. Suppose 0 = -4*o + 5*k + 49, 2*o - 4*k - 5 = 21. Let c be a(o). Determine j(c).
-8
Let y = 237 - 232. Let h(g) = 20*g**2 + 8*g - 1. Let n(u) = 7*u**2 + 3*u. Let s(j) = 6*h(j) - 17*n(j). Determine s(y).
4
Let a(i) be the second derivative of -i**4/8 + 7*i**2/2 + 5*i. Let f(u) be the first derivative of a(u). Determine f(-1).
3
Let z(d) = -d**3 + 7*d**2 + 8*d + 6. Let f be z(8). Let p(o) = -o**3 + 7*o**2 - o - 5. Calculate p(f).
25
Let b(z) be the second derivative of 5/6*z**3 + 1/2*z**2 + 17*z + 0 - 1/12*z**4. Determine b(6).
-5
Suppose 4*r + 6 = 14. Let u(p) = 8*p - 1 - p - 22*p + 5*p. Give u(r).
-21
Let u(i) = 13*i + 1 - 5*i**2 - 2*i**3 - 9*i + 3*i**3. Calculate u(4).
1
Let g(m) = -m**2 - 4*m. Let y be (-3)/((-6)/(-4)) - (-2 + 0). Let r be (y - 8/2)/((-42)/(-21)). Calculate g(r).
4
Let m(u) = u**3 + 2*u**2 + 5*u + 7. Let p be m(-3). Let r = 18 + p. Let v(z) = -2*z + 5*z**2 - r - 5*z**2 + 3*z**3. Give v(-1).
-2
Let f(m) = 2 - 3361*m**2 - 6 - m + 0 - m**3 + 3355*m**2. Calculate f(-6).
2
Let i(k) be the third derivative of 7*k**4/12 - k**3/3 - 2*k**2 - 3. Determine i(3).
40
Let t = -224 - -221. Let s(x) = 4*x + 3. Calculate s(t).
-9
Suppose -2*b + 12 = 2*q, 3*q - 2*q - b - 2 = 0. Suppose -3*x + q*d + 25 = 2*d, 2*x - 22 = -4*d. Let w(k) = -k - 12. Determine w(x).
-21
Let s(c) = 6*c + 6*c**2 - 6*c**2 + 2*c**2. Let d be (-54)/12 + (-4)/(-8). Determine s(d).
8
Let n(v) = -3*v**2 - 3*v + 8. Let c(k) = -4*k**2 - 4*k + 10. Let y(u) = -2*c(u) + 3*n(u). Give y(0).
4
Let k(j) be the second derivative of 0 - 4*j - 5/6*j**3 - 1/12*j**4 + 0*j**2. Let d(i) = i - 3. Let b be d(-3). Calculate k(b).
-6
Let i(w) = -36 + 6 + 5 + 4 + 5 - w. Calculate i(-12).
-4
Let k(t) be the second derivative of -t**8/6720 - t**7/420 + 7*t**6/720 - 3*t**5/40 + t**4/2 - t. Let a(p) be the third derivative of k(p). Give a(-7).
-9
Let y be (-6)/(-4)*4/3 + -38. Let o be 0*-3*3/y. Let r(p) = -2 - 2*p + 3*p + 4. What is r(o)?
2
Let j(s) = s**3 - 3*s**2 - 4*s + 2. Let w = -103 + 107. Calculate j(w).
2
Let h(b) = 15*b + 2. Let j(d) = 8*d + 1. Let t(w) = 3*h(w) - 5*j(w). Let n be (-1 - 1)/((-2)/4). Suppose -5*u + n + 1 = 0. Determine t(u).
6
Let i(l) = 8*l + 25. Let o(c) = -3*c + 1. Let f(w) = -i(w) - 2*o(w). What is f(-11)?
-5
Suppose 2*x - 5*j = 21, -2*x = j - 6 + 3. Let b(v) be the second derivative of 0 + 5*v - 1/6*v**3 + 5/2*v**2. What is b(x)?
2
Let o(w) = -5*w - 11. Let g(z) = -3*z - 5. Let k(p) = 9*g(p) - 4*o(p). Suppose 0 = -3*n + 9 - 6. Give k(n).
-8
Let r be 22/7 + -3 + 60/21. Let l(i) = 72*i**2 + 3 + i - 4*i**3 - 79*i**2 + 5*i**r. Determine l(7).
10
Suppose -11*d + 4*d = 0. Let n(w) = w**2 + 2*w + 5. Let h be n(d). Let v(t) = -t**2 + 3*t - t**3 + 5*t**2 + 2 + 2*t. Determine v(h).
2
Let w(n) = 42*n + 30. Let j(p) = -10*p - 1. Let h(i) = 4*j(i) + w(i). Calculate h(-13).
0
Let p(q) be the third derivative of 7*q**4/12 + q**3/3 + 12*q**2. Let c(a) = -27*a - 4. Let v(l) = 6*c(l) + 11*p(l). Determine v(-2).
14
Let f(c) = -c**3 - 2*c**2 - 2*c + 1. Let r be -4*(33/(-12) - -